d derivative of -q**6/12 - q**5/30 + q**4/24 - 106*q**2. Calculate z(l).
-11
Let y(c) be the third derivative of c**6/120 + c**5/12 - 3*c**4/8 + 7*c**3/6 - 3*c**2 + 29*c - 7. Determine y(-6).
25
Let q(z) be the first derivative of -z**3/3 + 21*z**2/2 - 32*z - 1967. What is q(19)?
6
Let f(m) = 65*m**2 - 2*m + 12. Let r(s) = 8*s**2 + 2*s + 2. Let j(d) = f(d) - 8*r(d). What is j(18)?
-4
Suppose 5*b + 5 = -2*s + 7, 0 = 2*b - 4*s - 20. Let n(t) = 32*t - 11*t - 21*t - 7*t - t**b. Let l = -10 - -5. What is n(l)?
10
Let l(p) = -p**3 - 11*p**2 + 17*p + 10. Let t be l(-12). Let k = -48 - t. Let f(i) = -4*i - 21*i**k + 2 - 13*i**2 + 37*i**2 + 0. Determine f(3).
17
Suppose c + 26 = -u + 41, 66 = 5*u + 4*c. Let d(j) = 5 + j + 0*j - 2*j. Determine d(u).
-1
Let t be (4 + 1)*(-1 + 2). Let k(f) = 4 + f**2 + t - 5 - f + 0. Give k(0).
4
Let p(z) = z**2 - 11*z - 10. Let a be p(0). Let n be -4*(14 + a)*(-2)/(-8). Let r(m) = -m**2 - 4*m + 2. What is r(n)?
2
Let y be -4*(1*(-1)/(-4) - -2). Let i be 258/(y/((-45)/10)). Let s = i + -124. Let b(q) = q**3 - 5*q**2 - 3*q + 7. Give b(s).
-8
Suppose 5*y + 3*o - 26 = 0, 5*y - 41 = 100*o - 98*o. Let x(c) = -3*c**2 + 7*c - 4. What is x(y)?
-102
Let l(x) = 0*x**3 + 2930*x**2 - 4*x - 3*x**3 + 2*x**3 - 2923*x**2 - 2 + 22*x. Calculate l(9).
-2
Let z(a) = a**3 - 14*a**2. Let h be z(14). Let u be -7 + -1 + (-16)/(4/(-1)). Let r be h*2/(-4) + 7 + u. Let g(i) = -i**3 + 2*i**2 + 3*i - 3. Calculate g(r).
-3
Let o = -191 - -197. Let g(q) be the second derivative of 0 - 1/3*q**3 - 6*q + q**2. What is g(o)?
-10
Let v = 81 - -16. Let d(w) = 0 + 2 + 98*w**2 + 6*w - v*w**2. What is d(-4)?
-6
Suppose -2*y - 10 = -5*m, 3*m + 2*m - 10 = y. Let c(z) = -m*z + 11 - z + 2*z. Suppose 0 = 124*u - 125*u + 6. What is c(u)?
5
Let z(k) be the second derivative of k**3/3 + 6*k**2 - 11*k + 2. Let f(x) = x**3 + 10*x**2 - 12*x - 22. Let l be f(-11). Determine z(l).
-10
Let o be ((-99)/27)/(1 - 12/9). Let b(p) = 360*p - 349*p - o*p**2 - 10 - 4 - p**3. Calculate b(-12).
-2
Let m(a) = 5*a + 22. Let l be -12*(-846)/(-504) - 6/7. What is m(l)?
-83
Let a(m) = -m**2 + m - 1. Let q(r) = -5*r**2 + 10*r - 4. Let v(f) = 4*a(f) - q(f). Let j(h) = -275*h - 1644. Let x be j(-6). Calculate v(x).
0
Let r(g) = -99*g + 834. Let b(c) = 72*c - 596. Let a(h) = -18*b(h) - 13*r(h). What is a(-14)?
12
Let k(d) = -23*d - 3. Let u(f) = -1735*f - 13885. Let c be u(-8). Calculate k(c).
112
Let y(t) = 24*t - 1. Let c be y(3). Let f = -66 + c. Let l(o) = 2*o - 3. Give l(f).
7
Let x(j) = -j**2 + 5*j + 1. Let k = 352 + -304. Let p be ((-15)/2)/(k/(-32)). Determine x(p).
1
Let o(l) = l**2 - 39*l - 310. Let p be ((-32)/128)/(((-25)/(-140))/5). Calculate o(p).
12
Let v(z) = -13*z**2 - 4*z - 11. Let w(a) = -3*a**2 - 2*a - 1. Let o(i) = v(i) - 4*w(i). Let d(x) = x + 5. Let c be d(0). Give o(c).
-12
Let f(v) = -v + 29. Let z be f(13). Let j(m) = 292*m + 297*m - 590*m + 5. Determine j(z).
-11
Suppose 4*u - a - 249 = 0, 0 = a + 1. Suppose 24*t - 82 = u. Let f(d) = d**2 - 7*d + 1. Give f(t).
-5
Suppose -53*v = -29*v + 57*v - 1458. Let p(i) = i**3 - 17*i**2 - 20*i + 27. Calculate p(v).
-9
Let u(r) = 13*r**3 - 328 - 2*r - 11*r**3 + 329. Suppose 0 = -f - 2*t - 1, 2*t = 2*f + t - 8. Suppose -f*i = 3*v - 2*v - 8, -2 = 2*i - 3*v. Determine u(i).
13
Suppose 4*k - 4 = -2*d - 3*d, -3*k - 2*d + 3 = 0. Let c(o) = -7*o - 61. Let s be c(-9). Let q(a) = -1 + s - 3 + a + k. Calculate q(-8).
-9
Let i(l) = -l + l**3 + 0*l**2 + 1578 - 1572 - 5*l**2 + 13*l - 9*l**2. Determine i(13).
-7
Let i(s) = -s**3 - 22*s**2 - 77*s - 84. Let r(a) = 132*a - 1074. Let o be r(8). What is i(o)?
6
Let x(z) be the second derivative of -5*z**4/6 - 5*z**3/6 - 5*z**2/2 - 16*z - 27. Calculate x(-3).
-80
Let f(p) = -9*p**3 + 3*p**2 - 11*p + 237. Let x(r) = -8*r**3 + 3*r**2 - 12*r + 220. Let m(d) = 7*f(d) - 8*x(d). What is m(4)?
-9
Let d(k) = -3*k**3 - 2*k**2 - 1. Suppose -28 = -4*h + 4*t, -4*h + 6*t - 4*t = -22. Let g be -6*(h + -3) - (-6 - -2). Give d(g).
15
Suppose u + 3*f = -u + 19, 32 = 4*u + 4*f. Let r(c) = 14*c**3 + c**2 - 2*c + 1. Let q(s) = 9*s**3 + 2*s**2 - 2*s + 3. Let i(y) = 3*q(y) - 2*r(y). Give i(u).
-28
Let p(v) be the first derivative of -v**6/360 + v**5/12 - v**4/12 - 2*v**3/3 - 3*v + 78. Let m(y) be the third derivative of p(y). Calculate m(6).
22
Suppose 0 = -u - 2*y - 6, 3*u + 5*y + 8 = 4*u. Let t be (30/(-25))/((0 + u)/10). Let n(i) = -i**3 + 7*i**2 - 3*i - 7. What is n(t)?
11
Let l be -9 - 36/(-9) - -23. Let a be (-12)/l + 5 + (-26)/(-3). Let c(o) = 2*o - 7. What is c(a)?
19
Suppose 8 + 5 = -3*b + 5*l, -5*l = -25. Suppose -12 = -2*q - 2*w, -b*w - 21 = -9*q + 4*q. Let a(k) = -7 + 7 - 7*k - q*k. Determine a(1).
-12
Suppose -15 = 5*m, 2*c + c = -5*m - 6. Let s(n) be the first derivative of -n**3/3 + n**2/2 - 3*n + 32. Give s(c).
-9
Let v(y) = -31*y + 61. Let j(f) = 4*f - 6. Let m(t) = -8*j(t) - v(t). Determine m(-10).
-3
Let m(x) = x**3 + 2*x**2 + 11*x - 52. Let p(s) = s**2 + 5*s - 24. Let n(z) = 6*m(z) - 13*p(z). Suppose 0 = -7*a + 5*a, 0 = -3*b + 5*a + 3. Give n(b).
6
Let z(k) = -k**2 - 5*k - 1. Let n(y) = -68*y**2 + 2*y - 2. Suppose 4*u - 10 = -f - 29, -25 = 5*u. Let a be n(f). Let c = -73 - a. Determine z(c).
-1
Let z(c) be the first derivative of 22*c**2 + 659*c + 11309. Determine z(-15).
-1
Let t(k) = k**3 - 8*k**2 + 7*k - 1. Let x(z) be the second derivative of z**3/3 - 25*z**2/2 + 7*z. Let g be x(11). Let p be -2*10/(-2) + g. Calculate t(p).
-1
Suppose 59 - 8 = 2*n + 3*m, 0 = -2*n + 4*m + 72. Let g = n + -25. Suppose g*a + 45 = 5. Let u(z) = -z**3 - 9*z**2 - 10*z - 1. Determine u(a).
15
Suppose 0 = 6*z - 0 - 36. Let p(f) = 58 + 71 + z*f - 129. What is p(-5)?
-30
Let g(w) = 2*w - 2. Let x be g(3). Let b(p) = 2*p**2 - p**3 - 3*p - p + 7 - 10 + x*p**2. What is b(5)?
2
Let b(y) = 2*y + 2. Let o = -119 - -116. Let w(z) = -z**3 - 5*z**2 - 4*z + 4. Let n be w(o). Determine b(n).
-2
Let l(t) be the first derivative of -t**3/3 - 11*t**2/2 - 14*t + 613. Give l(-6).
16
Suppose -8*f - 5*f = -40*f - 378. Let z(x) = 2*x**2 + 28*x + 21. Calculate z(f).
21
Let q(p) = -p**2 - 13*p - 26. Let x be (-7)/2 + (-5)/(-10). Let r be q(x). Let o be (13/r + -2)*4. Let l(h) = h**2 - 2*h - 1. Determine l(o).
14
Let l(i) = -i + 2. Let r(n) = -n**3 + 15*n**2 - 2*n + 8. Let b be r(15). Let y = b - 25. Let a = -46 - y. Give l(a).
1
Let c(b) = -13*b**3 - 65*b**2 + 133*b + 231. Let k(j) = 7*j**3 + 33*j**2 - 67*j - 117. Let n(h) = 6*c(h) + 11*k(h). Calculate n(-29).
12
Let k be (-234)/(-8) - 1164/(-1552). Let y(g) be the first derivative of 1/4*g**4 - 1/2*g**2 + 4*g**3 + k - 9*g. What is y(-12)?
3
Let g(w) = -w + 4. Suppose -2*h + 4*h - 32 = 0. Suppose h*z - 5*z = 363. Let n = 39 - z. Determine g(n).
-2
Let q(k) be the second derivative of -11*k + 1/2*k**2 + 1/2*k**3 + 6. Give q(-6).
-17
Let l(x) = -x - 1. Suppose 0 = -j + b + 5, -5*b = j - 2*b - 13. Let k be 12/14*j/(-1). Give l(k).
5
Let q(z) = z**2 + z + 96. Let u be (-480)/(-600) + (-8)/10. Determine q(u).
96
Let o be 1/(4/2)*48/3. Suppose -o*r + 50 = 42. Let k(n) = -n**3 - n + 1. Determine k(r).
-1
Let n(m) = 6*m**2 + 1111*m + 2380. Let w be n(-183). Let b(x) be the second derivative of -17*x**5/20 + x**2/2 - 2*x. Give b(w).
-16
Let h(a) = -12*a. Let d = -148 - -153. Suppose 0*c + 4*c - r + d = 0, -5 = 2*c - 3*r. Give h(c).
12
Suppose 0*p + 5*p = 25. Suppose 3*c + 8 = p. Let w(b) = 9*b**2 - 1. Calculate w(c).
8
Let r(t) = -t**3 - 13*t**2 - 3*t + 8. Let n be r(-13). Let q = 47 - n. Suppose q = 4*c - 2*a - 30, -6*c - 3*a = -2*c - 25. Let p(j) = j**2 - 8*j - 5. Give p(c).
-12
Let a(j) be the second derivative of 4*j**5/5 - j**4/12 - j**3/6 + j. Suppose 213*b - 566*b = 419 - 66. Give a(b).
-16
Let l = 63 - 65. Let d be l/(-16)*2 - (-92)/16. Let v be 56/40 - d/(-10). Let m(t) = 4*t - 2. Determine m(v).
6
Suppose 0 = 242*l - 626 + 2804. Let t(i) = -i**2 - 11*i - 26. Calculate t(l).
-8
Suppose -3*n - 9 = 3*h - 4*n, 2*n = 4*h + 10. Let x(v) be the third derivative of -v**5/60 - v**4/12 + 7*v**3/6 - 8*v**2 + 1444*v + 2. Determine x(h).
-1
Let y(k) = 2*k - 3. Let r(q) = -4*q + 5. Let v(i) = 2*r(i) + y(i). Calculate v(8).
-41
Let u be (-2)/3 - 638/(-3). Suppose -16*b + 18*b = u. Let w = b + -112. Let z(t) = t**2 + 6*t + 4. Calculate z(w).
4
Let j be (-8)/12*(0 + 246/(-4)). Let n = j - 33. Let t(c) = 3